*2 + 78*z + 96. Determine i(-73).
-269
Let o(i) = 10*i**2 + 842*i - 33967. Calculate o(-114).
5
Let i(x) = -5290*x + 100468. Calculate i(19).
-42
Let g(k) = -1570*k - 35965. Determine g(-26).
4855
Let l(h) = 3448*h + 106404. Give l(-31).
-484
Let v(t) = 37*t**2 + 398*t - 89. Give v(-11).
10
Let z(l) = 4*l**3 + 6*l**2 - 213*l - 1603. What is z(-7)?
-1190
Let w(h) = -49*h**2 - 1426*h - 5900. Determine w(-5).
5
Let j(s) = -3188*s + 31876. Calculate j(10).
-4
Let i(z) = -196*z**2 - 413*z - 1225. Calculate i(-3).
-1750
Let i(f) = -f**2 - 503*f + 6766. Calculate i(13).
58
Let q(g) = -3*g**3 - 34*g**2 - 21*g - 156. Determine q(-9).
-534
Let k(m) = -216660*m + 5849820. Give k(27).
0
Let d(y) = y**3 - 10*y**2 + 6828*y - 89281. Give d(13).
-10
Let t(x) = -5*x**2 + 127*x - 1486. What is t(25)?
-1436
Let g(u) = -9163*u + 146594. Determine g(16).
-14
Let r(l) = -84677*l - 338788. What is r(-4)?
-80
Let t(i) = 53682*i - 375880. Give t(7).
-106
Let k(y) = 102292*y - 1329801. What is k(13)?
-5
Let i(g) = 111*g - 15687. Give i(211).
7734
Let v(k) = 59210*k - 651305. What is v(11)?
5
Let p(w) = -2167*w - 4195. Calculate p(-2).
139
Let d(b) = -b**2 - 11476*b - 911679. What is d(-80)?
1
Let l(s) = 6*s**2 - 106*s - 858. What is l(-6)?
-6
Let x(b) = 2137*b + 20694. Determine x(-9).
1461
Let t(r) = r**3 + 286*r**2 + 6054*r + 1318. What is t(-263)?
3
Let l(i) = -367*i - 22503. Give l(-58).
-1217
Let j(d) = -846*d - 21731. Determine j(-27).
1111
Let f(i) = 2*i**2 + 10959*i + 76621. Determine f(-7).
6
Let b(r) = r**3 + 269*r**2 - 2776*r - 133. Determine b(10).
7
Let i(a) = -350668*a + 3155989. Give i(9).
-23
Let g(l) = 5*l**3 + 117*l**2 + 599*l + 109. Determine g(-16).
-3
Let a(w) = w**3 + 232*w**2 - 130*w + 23899. Determine a(-233).
-100
Let r(x) = -16325*x + 195909. Determine r(12).
9
Let l(z) = 15431*z - 108075. Calculate l(7).
-58
Let f(b) = -7*b**2 - 367*b - 2971. What is f(-10)?
-1
Let n(v) = 23490*v - 375798. Calculate n(16).
42
Let r(z) = -14*z**2 + 1268*z - 435. Calculate r(89).
1523
Let n(q) = q - 45. Determine n(4).
-41
Let g(o) = 16*o**2 - 89*o + 67. What is g(8)?
379
Let y(p) = -36855*p - 3611801. What is y(-98)?
-11
Let i(v) = -5*v**2 + 27280*v + 109153. Calculate i(-4).
-47
Let b(d) = -10690*d - 481096. Give b(-45).
-46
Let o(y) = y**3 + 5*y**2 - 55*y + 100. Give o(0).
100
Let o(s) = s**3 - 10*s**2 + 44*s + 103. Determine o(12).
919
Let v(h) = 27837*h + 250505. What is v(-9)?
-28
Let l(h) = -205*h**3 - 152*h**2 - 160*h - 10. Calculate l(-1).
203
Let f(d) = 9055*d - 5487329. Determine f(606).
1
Let s(f) = -f**3 + 157*f**2 - 591*f - 56. What is s(4)?
28
Let u(t) = -7*t**2 - 142*t - 654. Determine u(-15).
-99
Let f(s) = -47*s - 745. Give f(-27).
524
Let b(h) = -1034*h + 1068. Calculate b(1).
34
Let c(u) = -71350*u + 28468639. Determine c(399).
-11
Let j(f) = -2*f**3 + 57*f**2 + 16*f + 494. Determine j(29).
117
Let i(n) = 71135*n - 7255776. What is i(102)?
-6
Let d(p) = -3*p**3 + 60*p**2 + 68*p - 1977. Determine d(19).
398
Let y(r) = -13*r**2 + 70*r + 144. What is y(-2)?
-48
Let m(k) = -95*k - 2248. Give m(-30).
602
Let v(a) = 5*a**2 + 456*a - 7946. Determine v(15).
19
Let c(l) = 27*l**3 + 5*l**2 - 6*l + 699. What is c(0)?
699
Let z(d) = -16*d**3 + 11*d**2 + 99*d + 377. Calculate z(-4).
1181
Let x(u) = 96*u + 10656. Calculate x(-114).
-288
Let b(a) = 720*a + 578. Give b(-4).
-2302
Let q(l) = -l**2 - 1171*l - 333710. Give q(-490).
-20
Let a(s) = -16*s**2 - 191*s - 13. Determine a(-11).
152
Let m(z) = -10*z**3 + 318*z**2 - 116*z + 5778. What is m(32)?
18
Let z(f) = 3*f**3 + 258*f**2 - 31*f - 130. What is z(-86)?
2536
Let q(s) = 21*s**3 - 191*s**2 - 45*s + 292. Give q(8).
-1540
Let f(k) = k**2 - 186*k + 1140. Give f(6).
60
Let d(l) = 389*l + 6059. Calculate d(-14).
613
Let i(q) = -10*q**2 + 3719*q + 7481. What is i(-2)?
3
Let j(x) = 22*x**2 + 3667*x + 2468. Give j(-166).
-22
Let a(j) = -j**3 + 36*j**2 - 440*j - 56. Determine a(17).
-2045
Let g(b) = b**3 + 25*b**2 - 3025*b - 458. Give g(44).
26
Let w(y) = -400*y + 78483. Calculate w(196).
83
Let y(p) = 29*p**2 - 3601*p + 10805. What is y(3)?
263
Let v(q) = -12*q**2 + 1404*q - 5231. Determine v(4).
193
Let u(i) = 14854*i - 14855. Determine u(1).
-1
Let h(g) = g**2 + 17*g - 1955. Determine h(33).
-305
Let o(d) = d**2 - 878*d + 109209. Give o(150).
9
Let t(s) = 429*s - 2125. Give t(5).
20
Let q(o) = o**3 - 80*o**2 - 282*o - 12163. Determine q(85).
-8
Let p(f) = -98*f**2 + 1548*f + 320. Calculate p(16).
0
Let d(z) = 25*z**2 + 4719*z - 1136. Give d(-189).
-2
Let u(v) = v**2 + 4167*v - 253626. Give u(60).
-6
Let z(m) = 7896*m - 568494. What is z(72)?
18
Let k(v) = 31*v + 1393. Determine k(-46).
-33
Let m(v) = -9*v**2 - 123*v - 100. Give m(-7).
320
Let o(y) = -4314*y - 8231. Calculate o(-2).
397
Let x(f) = 21393*f - 128280. What is x(6)?
78
Let s(n) = n**3 - 40*n**2 + 333*n + 209. Calculate s(20).
-1131
Let t(z) = -z**3 - 318*z**2 + 1650*z - 85. Calculate t(5).
90
Let h(c) = 2550*c - 46257. What is h(18)?
-357
Let g(u) = -9*u**3 - 120*u**2 - 379*u + 41. Determine g(-8).
1
Let f(o) = o**3 - 37*o**2 - 941*o + 871. What is f(54)?
-371
Let j(q) = -73*q - 19494. What is j(-248)?
-1390
Let s(q) = q**2 + 10707*q + 213735. Give s(-20).
-5
Let z(u) = 436*u - 322. Calculate z(-2).
-1194
Let t(j) = 76*j**2 + 304*j + 104. Give t(-3).
-124
Let j(w) = 2*w**3 - 28*w**2 + 19*w - 47. Calculate j(11).
-564
Let g(y) = 404*y**2 + 4373*y + 11703. What is g(-6)?
9
Let c(k) = -305237*k - 1831422. Give c(-6).
0
Let u(x) = 2*x**2 + 4*x - 3253. Calculate u(-42).
107
Let f(j) = -15*j**3 + 3*j**2 - 388*j + 391. What is f(1)?
-9
Let x(s) = -39*s**2 + 1189*s - 607. What is x(30)?
-37
Let c(y) = -y**2 + 1329*y - 26156. Calculate c(20).
24
Let s(b) = -505*b**3 - b**2 - 33*b + 34. Give s(1).
-505
Let z(a) = a**2 + 92*a - 1167. Calculate z(-111).
942
Let q(b) = -1374*b**2 + 32979*b - 127. Give q(24).
-55
Let y(k) = k**3 + 32*k**2 + 134*k - 41. Give y(-27).
-14
Let w(s) = -s**3 - 67*s**2 - 1030*s + 59. Determine w(-24).
11
Let q(w) = 14*w**2 - 592*w - 1430. Give q(44).
-374
Let h(r) = 252*r - 94943. Determine h(380).
817
Let b(k) = -129*k**2 - 8137*k - 589. Give b(-63).
41
Let j(l) = -2*l**2 - 311*l + 4499. Determine j(-169).
-64
Let y(x) = x**2 - 15291*x - 61182. Calculate y(-4).
-2
Let m(j) = -11*j**3 + 13*j**2 + 262*j - 560. Determine m(2).
-72
Let w(a) = -a**2 - 587*a + 13383. What is w(22)?
-15
Let v(y) = -30*y**2 - 13280*y - 8849. Give v(-442).
-9
Let y(m) = 5251*m - 21662. Determine y(4).
-658
Let j(h) = -23408*h + 187264. Give j(8).
0
Let d(i) = i**3 + 24*i**2 - 396*i - 9622. What is d(-22)?
58
Let q(v) = -2481*v + 7447. What is q(3)?
4
Let x(s) = -4*s**3 - 251*s**2 - 186*s + 281. Calculate x(-62).
281
Let p(f) = -2*f**2 + 1874*f - 181953. What is p(110)?
-13
Let q(g) = 116*g**2 + 21218*g - 1104. What is q(-183)?
726
Let n(t) = -1038*t - 14598. What is n(-14)?
-66
Let g(o) = -2*o**3 + 39*o**2 - 323*o + 1248. What is g(9)?
42
Let y(u) = -24*u - 861. Calculate y(-41).
123
Let i(d) = -5*d**2 + 149*d + 87545. Give i(148).
77
Let o(a) = -20971710*a + 146801969. Calculate o(7).
-1
Let l(a) = -44*a**3 - 218*a**2 - 1877*a - 9423. Determine l(-5).
12
Let v(z) = -z**3 + 28*z**2 + 33*z - 2237. Give v(27).
-617
Let u(a) = -13*a**2 + 2497*a + 991. What is u(193)?
-1325
Let w(x) = 45613*x + 228050. What is w(-5)?
-15
Let q(n) = 206*n**2 - 100089*n - 13124. Give q(486).
-2
Let r(b) = -39*b**2 - 1232*b - 715. What is r(-31)?
-2
Let c(y) = 2*y**3 + 231*y**2 - 557*y - 24102. What is c(-117)?
0
Let f(n) = -n**3 + 67*n**2 - 131*n - 343. What is f(65)?
-408
Let p(b) = -221181*b + 1105891. What is p(5)?
-14
Let d(x) = -x**3 + 920*x**2 + 2660*x - 286. What is d(-3)?
41
Let g(k) = 2*k**3 - 2386*k**2 + 4769*k - 5968. Give g(1191).
-13
Let p(d) = -d**3 + 269*d**2 + 5457*d + 2628. Calculate p(288).
-1692
Let l(k) = -265*k**2 - 8826*k - 11060. Determine l(-32).
12
Let g(j) = 3*j**3 - 318*j**2 + 4960*j + 207. Calculate g(87).
294
Let k(p) = -2*p**3 + 99*p**2 - 321*p - 20. Give k(46).
26
Let i(n) = -15677*n + 1301144. Determine i(83).
-47
Let z(s) = 6*s**2 + 1530*s + 10625. Determine z(-7).
209
Let j(a) = 1902*a + 2546. Calculate j(-2).
-1258
Let s(c) = 15815*c + 347935. Determine s(-22).
5
Let t(f) = -8765*f - 157743. What is t(-18)?
27
Let y(q) = q**2 + 396394*q - 118